{"id":422,"date":"2021-03-31T10:22:58","date_gmt":"2021-03-31T08:22:58","guid":{"rendered":"http:\/\/www.vernajoul.fr\/?page_id=422"},"modified":"2023-10-23T08:53:49","modified_gmt":"2023-10-23T06:53:49","slug":"les-amis-du-viaduc","status":"publish","type":"page","link":"http:\/\/www.vernajoul.fr\/index.php\/les-amis-du-viaduc\/","title":{"rendered":"Les Amis du Viaduc"},"content":{"rendered":"\n<p>Les Amis du Viaduc est une association n\u00e9e en 1996 dont la vocation est&nbsp;d&rsquo;organiser&nbsp;des rencontres&nbsp;afin de&nbsp;garder un lien social au sein du village&#8230; et au del\u00e0&#8230;<\/p>\n\n\n\n<p>Elle a pour raison d&rsquo;\u00eatre la cr\u00e9ation et l&rsquo;animation d&rsquo;activit\u00e9s&nbsp;vari\u00e9es : danses, marche, travaux d&rsquo;aiguilles et loisirs cr\u00e9atifs, p\u00e9tanque, connaissance et entretien du patrimoine ; mais pas seulement ! Une large place est aussi d\u00e9di\u00e9e&nbsp; au festif avec l&rsquo;organisation de journ\u00e9es et soir\u00e9es&nbsp;th\u00e9matiques. Des sorties ponctuent \u00e9galement l&rsquo;ann\u00e9e.<\/p>\n\n\n\n<p>Ainsi, tout est mis en \u0153uvre pour que&nbsp;chacun puisse trouver une activit\u00e9 qui correspond \u00e0 ses go\u00fbts et ses envies.&nbsp;<\/p>\n\n\n\n<p><a href=\"https:\/\/amisduviaducvernajoul.jimdofree.com\/\">https:\/\/amisduviaducvernajoul.jimdofree.com\/<\/a><\/p>\n\n\n\n<div class=\"wp-block-image\"><figure class=\"aligncenter size-full\"><img loading=\"lazy\" decoding=\"async\" width=\"615\" height=\"593\" src=\"http:\/\/www.vernajoul.fr\/wp-content\/uploads\/2023\/09\/seance-gym-2023.jpg\" alt=\"\" class=\"wp-image-1946\" srcset=\"http:\/\/www.vernajoul.fr\/wp-content\/uploads\/2023\/09\/seance-gym-2023.jpg 615w, http:\/\/www.vernajoul.fr\/wp-content\/uploads\/2023\/09\/seance-gym-2023-300x289.jpg 300w\" sizes=\"auto, (max-width: 615px) 100vw, 615px\" \/><\/figure><\/div>\n","protected":false},"excerpt":{"rendered":"<p>Les Amis du Viaduc est une association n\u00e9e en 1996 dont la vocation est&nbsp;d&rsquo;organiser&nbsp;des rencontres&nbsp;afin de&nbsp;garder un lien social au sein du village&#8230; et au del\u00e0&#8230; Elle a pour raison d&rsquo;\u00eatre la cr\u00e9ation et l&rsquo;animation d&rsquo;activit\u00e9s&nbsp;vari\u00e9es : danses, marche, travaux d&rsquo;aiguilles et loisirs cr\u00e9atifs, p\u00e9tanque, connaissance et entretien du patrimoine ; mais pas seulement ! [&hellip;]<\/p>\n","protected":false},"author":1,"featured_media":0,"parent":0,"menu_order":0,"comment_status":"closed","ping_status":"closed","template":"","meta":{"footnotes":""},"class_list":["post-422","page","type-page","status-publish","hentry"],"_links":{"self":[{"href":"http:\/\/www.vernajoul.fr\/index.php\/wp-json\/wp\/v2\/pages\/422","targetHints":{"allow":["GET"]}}],"collection":[{"href":"http:\/\/www.vernajoul.fr\/index.php\/wp-json\/wp\/v2\/pages"}],"about":[{"href":"http:\/\/www.vernajoul.fr\/index.php\/wp-json\/wp\/v2\/types\/page"}],"author":[{"embeddable":true,"href":"http:\/\/www.vernajoul.fr\/index.php\/wp-json\/wp\/v2\/users\/1"}],"replies":[{"embeddable":true,"href":"http:\/\/www.vernajoul.fr\/index.php\/wp-json\/wp\/v2\/comments?post=422"}],"version-history":[{"count":0,"href":"http:\/\/www.vernajoul.fr\/index.php\/wp-json\/wp\/v2\/pages\/422\/revisions"}],"wp:attachment":[{"href":"http:\/\/www.vernajoul.fr\/index.php\/wp-json\/wp\/v2\/media?parent=422"}],"curies":[{"name":"wp","href":"https:\/\/api.w.org\/{rel}","templated":true}]}}