{"id":261,"date":"2021-02-28T11:55:57","date_gmt":"2021-02-28T10:55:57","guid":{"rendered":"http:\/\/www.vernajoul.fr\/?page_id=261"},"modified":"2024-12-02T11:13:39","modified_gmt":"2024-12-02T10:13:39","slug":"loulie-tu","status":"publish","type":"page","link":"http:\/\/www.vernajoul.fr\/index.php\/loulie-tu\/","title":{"rendered":"Louli\u00e9-tu?"},"content":{"rendered":"\n<p> <\/p>\n\n\n\n<p>L\u2019association \u00ab Louli\u00e9-Tu ? \u00bb a \u00e9t\u00e9 cr\u00e9\u00e9e pour financer la coop\u00e9rative scolaire. Elle est notamment \u00e0 l\u2019initiative du March\u00e9 de No\u00ebl, de la f\u00eate d\u2019Halloween, d\u2019op\u00e9rations de nettoyage du village ainsi que de diverses manifestations \u00e0 destination des enfants.<\/p>\n\n\n\n<p><br>Outre une participation au financement des classes d\u00e9couvertes de nos \u00e9coles, l\u2019argent r\u00e9colt\u00e9 ces derni\u00e8res ann\u00e9es a permis d\u2019acheter des jeux pour les cours (trottinettes, draisiennes, panier de basket), des modules de motricit\u00e9, une tablette\u2026 Vous \u00eates donc tous invit\u00e9s \u00e0 participer \u00e0 son fonctionnement.<\/p>\n\n\n\n<p><br><strong>COMPOSITION DU BUREAU<\/strong><\/p>\n\n\n\n<p>Benoit DELRIEU (Pr\u00e9sident)<br>Daphn\u00e9 MAYER DELMAS (Pr\u00e9sidente adjointe)<br>Marion SCHUMAN (Secr\u00e9taire)<br>Florie BALMIER (Secr\u00e9taire)<br>J\u00e9r\u00e9my LOUBET-THICOU (Tr\u00e9sorier)<br>C\u00e9cilia DELRIEU (Tr\u00e9sori\u00e8re adjointe) <\/p>\n\n\n\n<p><strong>LES MEMBRES ACTIFS <\/strong><\/p>\n\n\n\n<p>Florence CANAL<br>Marion RAUZY<br>Isabelle BIERMAN<br>Julie LOMBART<br>No\u00e9mie TEXIER<br>Marie SAJUS<\/p>\n\n\n\n<p><br><strong>CETTE ASSOCIATION EST OUVERTE A TOUS, PAS SEULEMENT AUX PARENTS D\u2019ELEVES !<\/strong><br><\/p>\n\n\n\n<p><\/p>\n\n\n\n<div style=\"height:60px\" aria-hidden=\"true\" class=\"wp-block-spacer\"><\/div>\n\n\n<div class=\"wp-block-image\">\n<figure class=\"aligncenter size-full\"><img loading=\"lazy\" decoding=\"async\" width=\"632\" height=\"544\" src=\"http:\/\/www.vernajoul.fr\/wp-content\/uploads\/2022\/02\/marche2noel-Vernajoul.jpg\" alt=\"\" class=\"wp-image-1071\" srcset=\"http:\/\/www.vernajoul.fr\/wp-content\/uploads\/2022\/02\/marche2noel-Vernajoul.jpg 632w, http:\/\/www.vernajoul.fr\/wp-content\/uploads\/2022\/02\/marche2noel-Vernajoul-300x258.jpg 300w\" sizes=\"auto, (max-width: 632px) 100vw, 632px\" \/><\/figure><\/div>","protected":false},"excerpt":{"rendered":"<p>L\u2019association \u00ab Louli\u00e9-Tu ? \u00bb a \u00e9t\u00e9 cr\u00e9\u00e9e pour financer la coop\u00e9rative scolaire. Elle est notamment \u00e0 l\u2019initiative du March\u00e9 de No\u00ebl, de la f\u00eate d\u2019Halloween, d\u2019op\u00e9rations de nettoyage du village ainsi que de diverses manifestations \u00e0 destination des enfants. Outre une participation au financement des classes d\u00e9couvertes de nos \u00e9coles, l\u2019argent r\u00e9colt\u00e9 ces derni\u00e8res [&hellip;]<\/p>\n","protected":false},"author":1,"featured_media":0,"parent":0,"menu_order":0,"comment_status":"closed","ping_status":"closed","template":"","meta":{"footnotes":""},"class_list":["post-261","page","type-page","status-publish","hentry"],"_links":{"self":[{"href":"http:\/\/www.vernajoul.fr\/index.php\/wp-json\/wp\/v2\/pages\/261","targetHints":{"allow":["GET"]}}],"collection":[{"href":"http:\/\/www.vernajoul.fr\/index.php\/wp-json\/wp\/v2\/pages"}],"about":[{"href":"http:\/\/www.vernajoul.fr\/index.php\/wp-json\/wp\/v2\/types\/page"}],"author":[{"embeddable":true,"href":"http:\/\/www.vernajoul.fr\/index.php\/wp-json\/wp\/v2\/users\/1"}],"replies":[{"embeddable":true,"href":"http:\/\/www.vernajoul.fr\/index.php\/wp-json\/wp\/v2\/comments?post=261"}],"version-history":[{"count":0,"href":"http:\/\/www.vernajoul.fr\/index.php\/wp-json\/wp\/v2\/pages\/261\/revisions"}],"wp:attachment":[{"href":"http:\/\/www.vernajoul.fr\/index.php\/wp-json\/wp\/v2\/media?parent=261"}],"curies":[{"name":"wp","href":"https:\/\/api.w.org\/{rel}","templated":true}]}}

Loulié-tu?

<p> </p>



<p>L’association « Loulié-Tu ? » a été créée pour financer la coopérative scolaire. Elle est notamment à l’initiative du Marché de Noël, de la fête d’Halloween, d’opérations de nettoyage du village ainsi que de diverses manifestations à destination des enfants.</p>



<p><br>Outre une participation au financement des classes découvertes de nos écoles, l’argent récolté ces dernières années a permis d’acheter des jeux pour les cours (trottinettes, draisiennes, panier de basket), des modules de motricité, une tablette… Vous êtes donc tous invités à participer à son fonctionnement.</p>



<p><br><strong>COMPOSITION DU BUREAU</strong></p>



<p>Benoit DELRIEU (Président)<br>Daphné MAYER DELMAS (Présidente adjointe)<br>Marion SCHUMAN (Secrétaire)<br>Florie BALMIER (Secrétaire)<br>Jérémy LOUBET-THICOU (Trésorier)<br>Cécilia DELRIEU (Trésorière adjointe) </p>



<p><strong>LES MEMBRES ACTIFS </strong></p>



<p>Florence CANAL<br>Marion RAUZY<br>Isabelle BIERMAN<br>Julie LOMBART<br>Noémie TEXIER<br>Marie SAJUS</p>



<p><br><strong>CETTE ASSOCIATION EST OUVERTE A TOUS, PAS SEULEMENT AUX PARENTS D’ELEVES !</strong><br></p>



<p></p>



<div style="height:60px" aria-hidden="true" class="wp-block-spacer"></div>


<div class="wp-block-image">
<figure class="aligncenter size-full"><img loading="lazy" decoding="async" width="632" height="544" src="http://www.vernajoul.fr/wp-content/uploads/2022/02/marche2noel-Vernajoul.jpg" alt="" class="wp-image-1071" srcset="http://www.vernajoul.fr/wp-content/uploads/2022/02/marche2noel-Vernajoul.jpg 632w, http://www.vernajoul.fr/wp-content/uploads/2022/02/marche2noel-Vernajoul-300x258.jpg 300w" sizes="auto, (max-width: 632px) 100vw, 632px" /></figure></div>

<p>L’association « Loulié-Tu ? » a été créée pour financer la coopérative scolaire. Elle est notamment à l’initiative du Marché de Noël, de la fête d’Halloween, d’opérations de nettoyage du village ainsi que de diverses manifestations à destination des enfants. Outre une participation au financement des classes découvertes de nos écoles, l’argent récolté ces dernières [&hellip;]</p>
